Give b(-5).
88
Let a(j) be the first derivative of 9*j**2/2 - 39*j + 56. Let v(l) = 8*l - 37. Let y(o) = -5*a(o) + 6*v(o). Determine y(8).
-3
Let d = 17 - 8. Suppose -f + d = 29. Let y be (16/60*3)/(4/f). Let q(n) = 4*n + 5. What is q(y)?
-11
Let m(g) be the third derivative of -2/3*g**3 - 114*g**2 + 0 + 0*g + 1/3*g**4. Calculate m(4).
28
Let f(c) = -3*c**2 + 6*c - 5. Let o(g) = -2*g**2 - g + 1. Let x(j) = f(j) - 2*o(j). Determine x(-4).
-23
Let h = 32 - 34. Let d(b) = -b - 43. Let a(c) = 7. Let s(z) = 6*a(z) + d(z). Give s(h).
1
Let k(h) = 6 - 371*h + 371*h - 7*h**2. What is k(2)?
-22
Suppose 3*w + f - 17 = -f, -5*f + 23 = w. Let i(c) = c**3 - 6*c**2 + 5*c. Let t be i(5). Suppose j + j = -h, t = 3*h - w*j. Let a(p) = -p + 4. Determine a(h).
4
Let j(m) = m + m + 2*m**2 - m. Suppose 5*q - 1 = -3*f, f - 2*f - 3*q = -3. Give j(f).
15
Let f(q) = q. Let t(h) = 1. Let l(v) = f(v) + t(v). Suppose 0 = 9*s - 60 - 30. Suppose 11*a + s + 34 = 0. Give l(a).
-3
Let s = 614 - 544. Suppose 3*m + s = 13*m. Let l(i) = -i**2 + 8*i - 5. Determine l(m).
2
Let r(w) be the second derivative of w**4/12 - w**3/2 - 17*w**2/2 + 86*w - 11. Calculate r(9).
37
Let s(r) = -5*r - 3. Suppose 0*x - 12 = -3*x. Let p(g) = 2*g**2 - 11*g - 149. Let k be p(12). Suppose -5*o + x*l + 8 = 39, -o = -l + k. Calculate s(o).
12
Let z(m) be the first derivative of 1/10*m**5 - 26 - 1/6*m**4 - m**2 - 1/6*m**3 - 16*m. Let x(n) be the first derivative of z(n). Determine x(2).
4
Let a = -111025 - -111019. Let c(n) = 8 + 5*n + 2*n + n**2 - 4*n. What is c(a)?
26
Let m = 1214381 + -1214382. Suppose -g - 2 = -4. Let y(c) = 0 - g*c - 1 + 7*c. Calculate y(m).
-6
Let w(y) = -29*y**2 + 6*y - 2. Let h(r) = 55*r**2 - 13*r + 6. Let q(p) = -4*h(p) - 7*w(p). Determine q(1).
-17
Let v be 2/1 + 4/(-1). Let y(l) be the first derivative of 5*l**2/2 + 5*l + 2922. Give y(v).
-5
Let u(i) be the second derivative of i**4/12 + 65*i. Let k(a) = 4*a**2. Let b(l) = k(l) - 5*u(l). Give b(-2).
-4
Suppose -2*f + 125 = -433. Let s(q) = -f + 2*q - q**3 + q + 287 - 6*q**2. Let a = 55 - 61. Calculate s(a).
-10
Suppose 31*r = -48*r - 40*r + 147*r. Let s(h) = h + 24. Determine s(r).
24
Let a(f) = -f**3 - 35*f**2 - 65*f + 25. Let s be a(-33). Let k(q) = 9*q + 8. Let c(d) = -7*d - 7. Let z(l) = 4*c(l) + 3*k(l). Give z(s).
4
Suppose -n = -0*n - z - 3, -n - 5*z = 15. Let k(a) = 0 + n*a - 2*a - a + 1 - a**2. What is k(-3)?
1
Let w(r) = 30 - 71*r + 37*r + 17*r + 13*r - 23. Give w(0).
7
Let j(d) = -5*d**3 + 8*d**2 - d - 5. Let w(b) = 16*b**3 - 26*b**2 + 4*b + 14. Let l(h) = -7*j(h) - 2*w(h). Give l(3).
49
Let k(x) = -3*x**3 - 3*x**2. Suppose 0 = -5*g - 3*g + 1528. Let q = -193 + g. Calculate k(q).
12
Let c(p) be the second derivative of -p**6/720 - p**5/15 - 55*p**4/4 + 84*p. Let q(f) be the third derivative of c(f). What is q(-9)?
1
Suppose 7*o + 6 = 27. Let w(u) = 16*u - o + u**2 + 1 - 4*u - 1 + 4. Calculate w(-12).
1
Let d(o) = -o**2 - 19*o - 54. Suppose -113*c + 116*c = 3*h - 30, 0 = -5*c - 4*h - 104. What is d(c)?
-6
Let u(b) be the first derivative of -b**3 - b**2/2 + 1. Let l be (-10)/(-16) - 18/(-48). Give u(l).
-4
Suppose -419 = -83*o - 1498. Let l(h) = h**2 + 7*h - 80. Give l(o).
-2
Let h(g) be the first derivative of -g**4/4 - g**3 - g**2/2 - 2*g - 291. Let q be (-30)/20 - (-3)/2. Suppose q = i - 5 + 7. What is h(i)?
-4
Let t = 6059 + -6066. Let f(j) = -2*j - 7. What is f(t)?
7
Let q(f) be the third derivative of -7*f**4/24 + 7*f**3/6 - 5*f**2 - 71. Give q(1).
0
Suppose -4*i - 56 = 4*j, 95 - 45 = -4*i - 2*j. Let w(z) = 2*z + 28. Determine w(i).
6
Let x(k) be the second derivative of -k**4/12 + 25*k**3/6 - 7*k**2 + 255*k. What is x(16)?
130
Let j(z) = -7*z + 25. Let q(i) = 29*i - 98. Let k(c) = 9*j(c) + 2*q(c). What is k(7)?
-6
Suppose 0 = 4*o - 5*d + 4, -2*d = o - d + 1. Let s(f) be the first derivative of 5/2*f**2 + 0*f - 176. What is s(o)?
-5
Let n(b) = 2*b + 11. Let h(i) = -5*i + 8 + 16*i + i - 20. Let p be h(0). What is n(p)?
-13
Suppose 2*g = -4*z + 28, -9 = -4*g - 1. Let d(k) = -4*k - 1 + 4 + 10*k + 3. Let s(c) = 5*c + 6. Let v(a) = z*d(a) - 7*s(a). What is v(9)?
3
Let v(p) = 294*p**2 + 287*p**2 + 1 - 588*p**2. Let j = -12 - -17. Suppose j*t - w = w + 3, -4*w + 1 = -3*t. Give v(t).
-6
Let x(g) = -g**3 + 7*g**2 - 5*g - 2. Let d be ((-60)/(-50))/(108/15 - 7). Determine x(d).
4
Let m(d) = -d**3 + 10*d**2 - 3*d - 7. Suppose -612 = -2*a - 592. Give m(a).
-37
Let d(a) = -13*a**3 - 2*a**2 + a. Let j(c) = -51*c**3 - 9*c**2 + 5*c + 1. Let z(i) = -4*d(i) + j(i). Give z(1).
2
Let o(u) = -u**3 - 2*u**2 + 5*u + 2. Let z = 90 + -99. Let j be (1 - (7 + z))*(-5)/5. Give o(j).
-4
Let y(a) = 3*a - 3*a - 6 + 3*a - 4*a. Let z = -789 - -784. What is y(z)?
-1
Let p(y) = -1099120*y - 33 + 1099125*y - 15. Calculate p(10).
2
Suppose -2*m = -11*m + 18. Let d(o) = -14 + 2 - 5*o**3 + o + 17*o**2 + m*o**3 - 4 + 2*o**3. Give d(17).
1
Let n = -51 + 56. Suppose -b - 13 = -2*q, 32 + 23 = 5*q + n*b. Suppose 3*c = c + q. Let f(t) = -t**3 + 4*t**2 - 3*t + 2. Give f(c).
-10
Let u = -5 + 2. Let a = 178 + -119. Let f(d) = -61 - d**2 - d - a + 124. What is f(u)?
-2
Let u(v) = 7*v - 16 + 11 + 17 + 2 - 15. Suppose 2*y - 12 = -y. Determine u(y).
27
Suppose 3*v - 5*t = 20, t = -4 + 3. Suppose -5*l + 420 = -v*h, -4*h - 9*l - 345 = -4*l. Let i = 87 + h. Let d(w) = w**3 - w**2 + 2*w - 3. What is d(i)?
5
Suppose -36 = 13*a - 10*a. Let q = 42 + -23. Let c = a + q. Let v(l) = l**2 - 6*l. Give v(c).
7
Let s(g) = g - 5. Suppose -h + 5 = -8. Suppose 0 = 17*a - 4 - h. Let c be (34/(-85))/(-1*a/10). What is s(c)?
-1
Suppose -15*x + 14*x = -6*x. Suppose x = -19*n + 45*n - 130. Let w(o) = -o**2 + 10*o - 17. Give w(n).
8
Let y(t) = -t**3 - 7*t**2 - 6*t - 1. Let z be -6 + 4 + -11 + 4. Let w = z - 11. Let i = w + 15. What is y(i)?
-21
Suppose 0*q + 2471 = 12*q + 2531. Let z(d) = 3*d**2 - 4*d - 8. Give z(q).
87
Let a = 444 + -442. Let q(c) = c**3 + c**2 - 3. Let g(s) = s**3 - 3*s**2 - 3*s - 8. Let n(w) = a*q(w) - g(w). Calculate n(-5).
-13
Suppose -y - 3 = m + 5, 25 = -2*m - 5*y. Suppose 4*j = -33 + 1. Let f be (j/12)/(m/(-15)). Let n(p) = 3*p**2 + 3*p + 3. What is n(f)?
9
Suppose 108 = 5*y + y. Let t(q) = -3*q**3 - y - 10*q + 11*q + 35 + 2*q**3. Determine t(0).
17
Let t(y) be the third derivative of y**6/120 - 2*y**5/5 - 7*y**4/6 + 73*y**3/6 - y**2 - 168. Give t(25).
-2
Let n(g) = -3*g - 8. Let z(c) = -2*c**3 + 39*c**2 + 61*c - 1519. Let y be z(19). What is n(y)?
-11
Let p(s) = 16*s + 6. Let f(y) = -y**2 + 23*y + 189. Let x be f(29). Suppose 30 = -x*j - 30. Calculate p(j).
-58
Let n(u) = -34*u + 1. Let x(d) = 93*d - 2. Let m(y) = -3*n(y) - x(y). Give m(2).
17
Let k(d) be the second derivative of -d**4/12 + d**3/6 + 4*d**2 + 4*d. Let x = 2412 + -2412. What is k(x)?
8
Let g(f) = f**2 + 3*f - 2. Let a(u) = 2*u**2 + 5*u - 3. Suppose -6*m + 17 = -61. Let i = m + -10. Let r(w) = i*a(w) - 5*g(w). What is r(-2)?
5
Let l(m) = -m**3 - 3*m**2 + 3*m + 3. Let g = 461 - 464. Determine l(g).
-6
Let x = -46783 - -46773. Let q(n) = 5*n + 9. Let v(p) = 14*p + 28. Let o(g) = -11*q(g) + 4*v(g). Give o(x).
3
Let y(f) be the third derivative of 7/12*f**4 + 0 + 0*f - 5/3*f**3 - 101*f**2 - 1/60*f**5. Determine y(13).
3
Let t(m) = 4*m**2 + 5*m + 1. Let s(r) = -r**2 - 1. Let a(g) = 3*s(g) + t(g). Let y be (-26)/8 - ((-75)/(-20) - 4). Let n be (-5 + 6)/(y/9). Give a(n).
-8
Let a(n) = n**2 + 70*n - 24. Let j(b) = -41*b + 24. Let k(v) = 2*a(v) + 3*j(v). Determine k(-6).
-6
Let f(t) be the second derivative of t**3/6 + 5*t**2 + 4*t. Let u be f(-7). Suppose 1 = u*x - 11. Let r(n) = -n + 7. What is r(x)?
3
Suppose 5*u - 1314 + 354 = 0. Suppose u*k - 190*k = -12. Let r(p) = p**2 + 3*p - 3. Determine r(k).
15
Let n(d) = -13*d - 18. Let z be (20 + 0 - 16)/(-1*2). Give n(z).
8
Let c(r) = -4*r + 51. Let h(u) = -43*u + 873. Let m be h(20). Calculate c(m).
-1
Let r(o) be the third derivative of -o**4/12 + 5*o**3/6 + 1230*o**2 - 2*o. Suppose -3*f + 3 = -15. Give r(f).
-7
Let f(x) = 679*x**2 + 3*x + 5*x - 676*x**2 - 2*x**3 - 3 - 4*x. Calculate f(2).
1
Let k(w) = 5*w**2 + 46*w + 4. Let d(t) = 11*t**2 + 99*t + 9. Let l(n) = 6*d(n) - 13*k(n). Let r = -196 - -199. Determine l(r).
-1
Let z(w) = -w**3 + 13*w**2 + 18*w - 51. Let f be ((-14)/(2 - 1))/(-33 + 32). Let d be z(f). Let v(b) = -2*b + 7. Calculate v(d).
-3
Le